2 + 22480*f - 134738. Calculate v(6).
-2
Let w(k) = -3*k**2 - 122*k + 2651. Calculate w(-56).
75
Let j(m) = -12*m**2 - 792*m + 1660. Give j(-68).
28
Let n(j) = -j**3 + 21*j**2 - 85*j - 23. Determine n(10).
227
Let n(a) = -a**2 - 425*a - 11229. Give n(-26).
-855
Let x(r) = -96*r**2 - 13636*r - 409. Calculate x(-142).
159
Let o(x) = x**3 + 28*x**2 - 242*x - 7015. Give o(-26).
629
Let y(v) = 57874*v + 56766. Give y(-1).
-1108
Let c(g) = -g**2 - 1168*g + 10599. Determine c(9).
6
Let p(s) = 3*s**2 + 215*s + 1531. Calculate p(-61).
-421
Let o(y) = -y**2 + 1048*y + 8455. Determine o(-8).
7
Let y(o) = 2*o**3 + 48*o**2 + 172*o + 4258. Give y(-24).
130
Let y(b) = -1305*b**3 - 11*b**2 - 26*b + 38. What is y(1)?
-1304
Let t(n) = -n**3 + 337*n**2 - 13876*n + 1160. Determine t(289).
4
Let y(l) = 260*l - 1289. Give y(6).
271
Let c(d) = -10776*d**2 + 635782*d + 105. Calculate c(59).
-13
Let v(g) = -10*g**2 - 185*g - 343. What is v(-22)?
-1113
Let f(q) = 486*q**3 + 10165*q**2 - 865*q - 84. Give f(-21).
0
Let g(x) = -x**3 + 18*x**2 + 12*x - 633. What is g(15)?
222
Let y(b) = 2*b**2 + 9835*b + 68739. Calculate y(-7).
-8
Let v(h) = -1409*h + 64936. What is v(46)?
122
Let h(y) = 2*y**3 + 333*y**2 + 817*y - 757. Give h(-164).
-265
Let s(y) = y**3 - 29*y**2 + 712*y - 29986. What is s(34)?
2
Let k(x) = 3*x**2 + 242*x - 804. Calculate k(-83).
-223
Let u(q) = -36924*q - 110750. Calculate u(-3).
22
Let t(n) = -7*n**3 + 8*n**2 + 7*n - 11. Determine t(2).
-21
Let v(z) = 6*z**3 + 103*z**2 - 197*z + 184. Determine v(-19).
-44
Let b(v) = -43906*v - 834261. Give b(-19).
-47
Let o(a) = -51*a**2 - 23*a + 123. What is o(4)?
-785
Let w(t) = -2*t**3 - 59*t**2 + 42*t - 95. Determine w(-31).
1486
Let h(j) = -3*j**3 + 308*j**2 + 1294*j - 122671. Determine h(103).
2
Let l(g) = -37*g**3 - 403*g**2 - 811*g + 15. Determine l(-2).
321
Let m(p) = -p**2 - 851*p + 21572. Give m(25).
-328
Let y(t) = -4126*t - 1398716. What is y(-339)?
-2
Let m(k) = k**3 - 14*k**2 + 46*k - 39. Calculate m(12).
225
Let o(t) = 25*t**2 - 261*t - 1056. What is o(-4)?
388
Let j(h) = 7658*h + 54768. What is j(-7)?
1162
Let g(h) = 4729518*h - 18918067. Give g(4).
5
Let b(k) = -233*k + 31314. What is b(131)?
791
Let j(t) = -613*t + 2639. What is j(4)?
187
Let v(b) = -b**3 - 133*b**2 - 11051*b - 1528367. Determine v(-135).
-32
Let m(q) = -13*q - 750. Give m(-56).
-22
Let d(i) = -35*i**2 - 748*i - 118. Determine d(-22).
-602
Let t(z) = -7734*z - 603241. Give t(-78).
11
Let t(g) = -2004*g + 51994. What is t(26)?
-110
Let y(l) = -2322044*l - 2322044. Determine y(-1).
0
Let n(p) = 2*p**3 + 52*p**2 + 165*p - 448. What is n(-6)?
2
Let d(g) = 3*g**3 + 103*g**2 - 73*g - 63. Calculate d(-35).
42
Let t(p) = 12*p**2 - 893*p + 10695. Determine t(15).
0
Let j(b) = -b**3 + 5*b**2 - 46*b + 426. Calculate j(7).
6
Let d(q) = 28664*q - 114646. Calculate d(4).
10
Let b(s) = -3*s**3 - 665*s**2 - 15079*s + 2555. Calculate b(-196).
7
Let m(q) = -14105*q + 522493. Determine m(37).
608
Let v(b) = -179*b**3 - 1790*b**2 - 6*b - 65. Calculate v(-10).
-5
Let b(o) = -o**3 - 9*o**2 + 6398*o + 63944. Calculate b(-10).
64
Let l(j) = 100*j - 4741. Calculate l(47).
-41
Let m(v) = -1797*v**2 - 8981*v - 26. Determine m(-5).
-46
Let m(o) = o**3 - 13*o**2 - 1085*o - 105. Give m(-27).
30
Let j(d) = -17698*d**2 - 619443*d - 459. What is j(-35)?
-4
Let u(q) = -99385*q + 1590136. Determine u(16).
-24
Let f(g) = -18*g**3 + 11*g**2 - 454*g + 1796. What is f(4)?
-996
Let n(a) = 7*a**2 - 100*a - 59. What is n(15)?
16
Let r(m) = m**3 - 27*m**2 + 121*m + 81. Determine r(21).
-24
Let r(l) = -l**3 + 7*l**2 + 83797*l - 283. Give r(-286).
3
Let i(b) = -2*b**2 - 111939*b + 2351603. Calculate i(21).
2
Let x(a) = -6*a**2 + 208*a - 731. Give x(4).
5
Let a(d) = 2*d**3 - 1105*d**2 + 1592*d + 33537. Determine a(551).
-74
Let i(r) = -2*r**3 + 146*r**2 - 1954*r + 130335. Calculate i(72).
15
Let f(a) = a**3 - 28*a**2 - 132*a + 1957. Determine f(30).
-203
Let q(s) = s**3 - 31*s**2 - 16226*s + 230490. What is q(14)?
-6
Let t(h) = 484328*h + 4358945. What is t(-9)?
-7
Let c(k) = 2*k**2 - 148*k + 91. Calculate c(0).
91
Let a(g) = -16920*g - 152985. Determine a(-9).
-705
Let q(p) = -3669*p + 344848. Calculate q(94).
-38
Let l(d) = -d**3 - 161*d**2 + 30189*d - 782. What is l(-272)?
34
Let v(x) = -4198074*x + 8396166. Give v(2).
18
Let f(h) = -h**3 + 9*h**2 - 2*h + 77. Determine f(-9).
1553
Let a(t) = -t**2 + 83989*t + 587979. What is a(-7)?
7
Let x(s) = s**3 - 41*s**2 + 179*s - 93. What is x(4)?
31
Let j(f) = -5*f**2 - 30*f + 1200. Calculate j(13).
-35
Let c(u) = u**3 - 253*u**2 + 1483*u - 590. What is c(247)?
-343
Let x(u) = 31*u**2 + 30*u - 1292. Calculate x(6).
4
Let c(g) = -54486*g + 272397. Determine c(5).
-33
Let h(v) = -15686*v + 125481. Give h(8).
-7
Let p(i) = 152*i**2 + 30695*i - 2025. Give p(-202).
-207
Let y(h) = 49722*h + 646356. What is y(-13)?
-30
Let q(y) = 4*y**3 + 24*y**2 + 163*y + 4. Determine q(-7).
-1333
Let q(x) = -3*x**3 - 9*x**2 + 503*x + 567. What is q(-14)?
-7
Let t(u) = -163*u - 3710. Calculate t(-10).
-2080
Let s(k) = 51*k**2 - 1770*k - 1216. What is s(35)?
-691
Let b(u) = u**3 - 1471*u**2 - 13601*u + 24295788. What is b(1469)?
-3
Let y(l) = -25*l**2 - 22902*l - 45686. Determine y(-2).
18
Let o(j) = 483*j - 35758. Calculate o(68).
-2914
Let h(v) = -5492*v - 38447. What is h(-7)?
-3
Let u(l) = 7*l**3 - 294*l**2 + 301*l + 16. Determine u(41).
590
Let i(z) = 23298*z - 372741. Determine i(16).
27
Let h(t) = t**3 + 93*t**2 + 1038*t + 5367. Give h(-81).
21
Let y(r) = -2*r**2 + 27*r - 360. Determine y(8).
-272
Let j(g) = -417410*g + 834814. Give j(2).
-6
Let d(n) = n**3 + 92*n**2 - 3*n - 173. Determine d(-92).
103
Let s(h) = -143*h**2 - 158305*h - 4435. What is s(-1107)?
-7
Let s(z) = -2*z**3 - 13*z**2 + 36*z + 179. What is s(-8)?
83
Let f(g) = -37362*g + 112077. Give f(3).
-9
Let q(u) = -u**3 - 396*u**2 - 7875*u + 6. What is q(-375)?
6
Let h(b) = 2*b**3 + 22*b**2 - 233*b - 2508. Determine h(-12).
0
Let x(j) = -j**3 + 119*j**2 + 920*j - 4838. Calculate x(126).
-50
Let r(y) = -y**3 - 84*y**2 - 577*y + 2332. Determine r(-76).
-24
Let n(c) = -21*c - 658. Determine n(33).
-1351
Let y(q) = 63*q**2 + 573*q - 295. Give y(-9).
-349
Let a(u) = 7*u**2 + 106*u - 1090. What is a(-22)?
-34
Let w(u) = -3*u**3 + 109*u**2 + 180*u - 98. What is w(-2)?
2
Let r(k) = -2*k**3 + 69*k**2 + 83*k - 7770. Determine r(32).
6
Let d(t) = -72*t**2 - 24556*t - 1361. Calculate d(-341).
3
Let h(u) = -u**3 - 4*u**2 + 92*u - 81. Calculate h(7).
24
Let b(o) = -124249*o + 6088207. Calculate b(49).
6
Let z(v) = -v**2 + 1524*v + 1326511. What is z(-619)?
-6
Let v(y) = -131844*y + 527369. Determine v(4).
-7
Let u(t) = -2622*t + 204523. What is u(78)?
7
Let p(h) = 459*h + 6315. Calculate p(-13).
348
Let z(f) = 16921*f + 338413. Determine z(-20).
-7
Let l(x) = 180*x**3 - 39*x**2 + 91*x - 20. Determine l(2).
1446
Let z(j) = -15*j**2 + 260*j - 194. Give z(14).
506
Let g(z) = 14*z**3 - 989*z**2 - 2411*z + 149. What is g(73)?
3
Let s(m) = 57*m**2 + 13456*m + 935. Determine s(-236).
-9
Let i(s) = -2*s**2 + 77*s - 771. Determine i(31).
-306
Let a(o) = -10*o**3 + 150*o**2 - 32*o + 318. Give a(15).
-162
Let j(d) = d**2 - 292*d + 17256. Give j(207).
-339
Let t(v) = 2*v**2 + 110*v - 68. Calculate t(-60).
532
Let k(u) = 296*u**2 + 2809*u + 1298. Give k(-9).
-7
Let f(q) = -157*q**2 + 1408*q + 43. What is f(9)?
-2
Let w(b) = 62117*b - 9814491. Determine w(158).
-5
Let c(t) = t**3 - 11*t**2 - 16*t + 243. Determine c(7).
-65
Let s(n) = -69*n - 268. What is s(9)?
-889
Let i(r) = 190*r + 21877. Calculate i(-131).
-3013
Let z(b) = -17*b**2 - 147*b + 599. Determine z(3).
5
Let c(q) = -11272*q + 135370. Calculate c(12).
106
Let x(z) = 8585*z + 94442. Determine x(-11).
7
Let o(d) = -20*d + 2023. Give o(4).
1943
Let v(z) = 8308*z**2 + 107989*z - 190. What is v(-13)?
5
Let c(i) = 7821*i + 1368678. Give c(-175).
3
Let a(o) = 23*o**2 + 37*o + 3. Determine a(-1).
-11
Let k(v) = -122*v**2 - 363*v - 1077. Determine k(-3).
-1086
Let k(o) = -2*o**3 - 26*o**2 - 260*o - 2374. What is k(-11)?
2
Let u(f) = -3*f**2 - 8612*f - 111447. Determine u(-13).
2
Let c(r) = -18065*r - 198687. Give c(-11).
28
Let v(r) = 42*r + 458. Calculate v(-2).
374
Let v(s) = 11422*s + 45678. What is v(-4)?
-10
Let m(q) = 119*q + 2926. Calculate m(-17).
903
L